 the units digit of 798/10 - v/(-35)?
0
Let z = -23 - -27. Suppose -z*u + 3*u = -70. What is the units digit of u?
0
Suppose 3*r - 3053 = -5*q, -1355 + 3796 = 4*q + r. What is the units digit of q?
0
Let u be (282/(-4))/(6/(-12)). Suppose 7*p - 13 = u. What is the units digit of p?
2
Suppose -4*n = -y - 8*n + 801, 3*y - 2403 = 4*n. Suppose -10*s + y = -819. What is the tens digit of s?
6
Let v be 6/9 - 52/(-12). Suppose 3*h - 6*h = -v*d + 25, -2*h - 3*d + 15 = 0. Suppose 48 = 4*o - h*o - 3*c, 5*o - 4*c = 61. What is the units digit of o?
9
Suppose 0 = -5*d + 9*d - 8. Suppose -q + 3*x = -d*q + 26, -3*x = 0. What is the units digit of q?
6
What is the tens digit of (-5)/35 + 85/7?
1
Let j be 2 + 2*(-12)/(-8). Suppose a = j*a - 48. Let b = a - -22. What is the tens digit of b?
3
Let n = 21 + -17. Let p be (n + -5)*(0 + 3). Let s(l) = l**3 + 3*l**2 - 3*l + 3. What is the tens digit of s(p)?
1
Suppose 0 = -3*s + 2*a + a - 12, -4 = -a. Let w(l) be the first derivative of l**2/2 + 45*l + 1. What is the tens digit of w(s)?
4
Let u = 767 + -207. Suppose 0 = -34*r + 29*r + u. What is the units digit of r?
2
Let x(r) = -r**3 - 8*r**2 + 2*r - 3. Let t be x(-9). What is the tens digit of (344/10)/(12/t)?
7
Let r(g) = -4*g**2 - g. Let v(k) = -7*k**2 - k - 1. Let y(z) = -5*r(z) + 2*v(z). What is the units digit of y(1)?
7
Let z(h) = h**3 + 12*h**2 - 27*h - 121. What is the hundreds digit of z(-11)?
2
Let k(x) = 662*x**3 - x**2 + 9*x - 8. What is the hundreds digit of k(1)?
6
Let t(q) = q**3 - 8*q**2 + 9*q - 10. Let f be t(7). Suppose f*n - 125 - 87 = 0. What is the tens digit of n?
5
Suppose -8*m + 3 = -7*m. Suppose -3 = -m*x + 6. Suppose x*u - 88 = -u. What is the tens digit of u?
2
Let n be 8/10 - (-54)/45. Suppose n*x - 150 = 178. What is the hundreds digit of x?
1
Let f = 3141 - 2781. What is the units digit of f?
0
Suppose 0 = 9*h - 240 + 78. Suppose 0 = -2*w - h + 54. What is the tens digit of w?
1
Suppose -40280 = 54*z - 128246. What is the thousands digit of z?
1
Let n = -484 - -489. Suppose 5*l = 245 + 745. What is the tens digit of 2/n + l/5?
4
Suppose -5*z + 13 = n - 6, 0 = -2*n - z + 74. Suppose 0 = -b + 4*b + n. Let x = 33 + b. What is the tens digit of x?
2
Let j(z) = -2*z**3 - 8*z**2 - z + 9. Let b be j(-5). Let w = b - 96. What is the tens digit of (0 - -4)/(w/(-336))?
4
Let l be (-7)/(-4) - (-2)/8. Suppose 2*v = 6*v + l*q - 546, -v - 4*q + 133 = 0. What is the units digit of v?
7
Let l(t) = -2*t - 1. Let p be l(-3). Suppose -2*h + 82 = -d, -34 = -p*h + 2*d + 170. Suppose y = 3*y - h. What is the tens digit of y?
2
Suppose 4*x - 1251 - 1285 = 0. What is the units digit of x?
4
Let c be (-4)/(-2)*(-65)/(-26). Suppose -y = -c*y + 368. Let v = y - 50. What is the tens digit of v?
4
Let t(k) = 116*k**2 - 22*k - 51. What is the thousands digit of t(-4)?
1
Let k(n) = n**2 + 5*n - 26. What is the units digit of k(-17)?
8
Let q = -100 + 184. Let u = q + -76. What is the units digit of u?
8
Let n = -25 + 20. Let x(y) = 5*y**3 - 7*y**2 + 6*y + 18. Let r(c) = 4*c**3 - 8*c**2 + 5*c + 18. Let g(w) = n*x(w) + 6*r(w). What is the tens digit of g(-13)?
1
Suppose 43*l - 27422 = -4417. What is the tens digit of l?
3
Suppose -t = -17*t + 56336. What is the tens digit of t?
2
Suppose 4*k - 600 = -6*k. What is the tens digit of k?
6
Let u = -81 + 81. Suppose u*d = 6*d - 996. What is the units digit of d?
6
Let m be -6 - (0 - (0 + -2)). Let i be 2/(-3) - m/12. Suppose i = -q + 5*q - 44. What is the tens digit of q?
1
Let v(y) = 8*y**2 + y**3 - 5*y + 2*y**2 - 13 + 5*y**2 - 6*y**2. What is the tens digit of v(-9)?
3
Let j = -185 + 747. What is the hundreds digit of j?
5
Let q be (-20)/(-50) + 2903/5 - 1. Suppose q = 23*c - 18*c. What is the units digit of c?
6
Suppose 0 = 3*b + 2*b - 30. Let l(k) = -7*k + 25. Let n(c) = -4*c + 13. Let t(f) = 3*l(f) - 5*n(f). What is the units digit of t(b)?
4
Let s(o) = o**3 + o**2 + 2. Let k be s(0). Let f be (11/k)/((-1)/(-10)). Suppose -d - f = -6*d. What is the tens digit of d?
1
Let t(r) = -r**3 + 6*r - 2. Let n be t(3). Let c(v) = -17*v - 32. What is the units digit of c(n)?
5
Suppose 0 = 132*x - 135*x, 2*y + x - 1256 = 0. What is the hundreds digit of y?
6
Let m = 33 - -2. What is the tens digit of 120/m*(3 + -1 + 26)?
9
Suppose -2*j + 18 = g, -2*g - 1 = -j + 3. Let r = 14 + j. What is the units digit of r?
2
Let o(r) = r**3 - 3*r**2 + 2*r - 1. Let s be o(3). Suppose s*z - 10*z + 385 = 0. What is the units digit of z?
7
Let l = -25 + 51. Let q = l + 10. Suppose 7*b + q = 8*b. What is the tens digit of b?
3
Let y = 587 - 238. What is the units digit of y?
9
Suppose -1314 - 396 = 9*w. Let a = -78 - w. What is the hundreds digit of a?
1
Let l(r) = -r**3 - 9*r**2 + r + 7. Let y be l(-9). Let p(o) = -10*o**3 + o**2 - 3. What is the tens digit of p(y)?
8
Suppose -1 + 13 = -3*q. What is the tens digit of ((-2)/6)/(q - (-2625)/657)?
7
Let m be 378/22 - 14/77. Suppose 4*p = z - m, -3*p - 14 + 5 = 0. Suppose -z*k - 14 + 119 = 0. What is the tens digit of k?
2
Let i(j) = j**3 + 5*j**2 - 2*j - 5. Let y be i(-5). Suppose 5*p + 39 = -y*z - 26, 4*z - 3*p + 45 = 0. What is the units digit of 45/2 - z/(-8)?
1
What is the tens digit of (-2)/(15/(-25) - 649/(-1090))?
3
Let q = -2089 - -3707. What is the tens digit of q?
1
Let f = 683 + 178. What is the tens digit of f?
6
Let r(a) = -14*a + 50. What is the units digit of r(-12)?
8
Suppose 10*t - 9690 = -5*t. What is the units digit of t?
6
What is the units digit of (-28)/3*((-24)/(-56) + -3)?
4
Let q be (-8)/(-6)*(-30)/(-4). Suppose -9*w + q*w = 79. Let s = 132 - w. What is the units digit of s?
3
What is the tens digit of 9/(-2)*1088/(-12)?
0
What is the units digit of 62/(-1)*4794/(-204)?
7
Suppose -9*v + 1496 + 304 = 0. Suppose -v = 8*b - 10*b. What is the hundreds digit of b?
1
What is the hundreds digit of 20/(-60) + (-2140)/(-3)?
7
Suppose b = -5*t + 3348, 0 = -321*b + 320*b + t + 3372. What is the tens digit of b?
6
Let a = 1850 - 1256. What is the units digit of a?
4
Let v be (-2)/(-3) + (-4)/(-3). Suppose -4 = 2*h, 2*b + h = -0*h + 34. Suppose v*r = i + b, 6 - 18 = -2*r + 4*i. What is the units digit of r?
0
Let t = 3 + -1. Let h be t + (1 - 9/3). Suppose h = o - 2*o + 7. What is the units digit of o?
7
Let a(r) = 8*r + 16. Let b be a(-4). Let o(x) = -x**3 - 15*x**2 + 14*x + 17. What is the units digit of o(b)?
9
Suppose 82 - 79 = i. Let y(n) = n**3 - 2*n**2 + n. What is the tens digit of y(i)?
1
Let o be (-3)/2 + 86/4. Suppose 3*c - 4*y = -c - o, -10 = 4*c - 2*y. Suppose -2*m + 4*z + c = -6, 5*m - 41 = -3*z. What is the units digit of m?
7
What is the tens digit of (-70395)/(-171) - (-2)/(-3)*1?
1
Let x(k) = -304*k - 8. Let z be x(-1). Suppose -4*p + z = d, -2*d + 111 = 2*p - 43. What is the tens digit of p?
7
Let x(y) = y**3 + 6*y**2 - 9*y - 6. Suppose -d - 3*d = 5*r + 19, -4 = -d. Let n be x(r). Let j = 1 + n. What is the units digit of j?
9
Let c(z) = z**3 - 10*z**2 - 8*z + 30. Suppose 2*j - 18 = -3*i + 18, -2*i = -2*j + 16. What is the tens digit of c(j)?
2
Let v(u) = 7*u**2 + 4*u - 41. Let r be v(-13). Suppose 0 = -5*c + 2*t - t + r, 5*t - 872 = -4*c. What is the hundreds digit of c?
2
Let c = 56 - -184. Suppose 0 = 4*d - 3*u - 189, 7*u + c = 5*d + 2*u. What is the units digit of d?
5
Suppose -2*i = 2*h + 516, 3*h + 211 + 533 = 3*i. Let a be (-4)/22 + (-7383)/h. Let n = -14 + a. What is the units digit of n?
5
Suppose 0 = -4*r - 2*j + 10994, -3*j + j = -4*r + 10998. What is the thousands digit of r?
2
Let l(w) be the third derivative of w**4/24 + w**3/2 - w**2. What is the units digit of l(6)?
9
Let p(z) = -4*z**3 - 3*z**2 - 2*z - 4. Let g be p(-2). Suppose 23*o - g*o - 45 = 0. What is the tens digit of o?
1
Let b = -317 + 593. What is the hundreds digit of b?
2
Let h(a) = -2*a + 3*a + 7*a**2 - a**3 - 6*a - 1. Let g be h(6). Let u(o) = -o**2 + 7*o + 1. What is the tens digit of u(g)?
1
Let i(g) = g**2 + 13*g - 35. Let l be i(18). Let t = l + -306. What is the hundreds digit of t?
2
Let g = 11 + -6. Suppose g*m - 818 = 2*u, 2*m - m = -4*u + 146. What is the hundreds digit of m?
1
Let g(u) = 12*u**2 - 22*u + 55. What is the units digit of g(10)?
5
Let i be (-1 - 2)*(-24)/(-9). Let w = i - -10. Let g(y) = 8*y + 1. What is the units digit of g(w)?
7
Let q(s) = 4*s**2 + 5*s - 6. 